00101110010
In base 15, what is 10 + -7c57d?
-7c56d
In base 4, what is -23 - 200330332?
-200331021
In base 8, what is -16151 + -62?
-16233
In base 7, what is -2365411 - -4?
-2365404
In base 4, what is -22303 + -2123?
-31032
In base 12, what is -49a8 + 2?
-49a6
In base 10, what is 42 + -3579?
-3537
In base 16, what is 2 - add78?
-add76
In base 12, what is -12a9b - -6?
-12a95
In base 6, what is -50521 + 4?
-50513
In base 12, what is a8281 - -10?
a8291
In base 3, what is -201111 + 21?
-201020
In base 13, what is -6a - 133c?
-13a9
In base 2, what is -100 + -11000010111001000?
-11000010111001100
In base 14, what is -6ab77 - -8?
-6ab6d
In base 14, what is -57 - 223?
-27a
In base 5, what is 4 - 20224442?
-20224433
In base 13, what is 9208 + 3?
920b
In base 14, what is bd71 + 90?
c021
In base 9, what is -5731 + 0?
-5731
In base 12, what is 489 + -4a?
43b
In base 11, what is 1 + 19068?
19069
In base 5, what is 3 - -31124143?
31124201
In base 7, what is -132 + -3006?
-3141
In base 11, what is -1 - 2146?
-2147
In base 10, what is -22 + 8811?
8789
In base 3, what is -2112 - -101201022?
101121210
In base 2, what is 0 - 10001111100111100101?
-10001111100111100101
In base 5, what is -4 - 4204440?
-4204444
In base 4, what is 20 + 31130210?
31130230
In base 16, what is -f5e + b?
-f53
In base 8, what is -34457 + -554?
-35233
In base 7, what is -123561 - -33?
-123525
In base 8, what is 43077 - 16?
43061
In base 10, what is -505643 - 4?
-505647
In base 6, what is -54402 + -5?
-54411
In base 7, what is 36011 + 111?
36122
In base 5, what is -1203 + 21243?
20040
In base 10, what is 9551 + -7?
9544
In base 13, what is -16 - 2673?
-2689
In base 5, what is -3303 + -423?
-4231
In base 5, what is -22 + 3431042?
3431020
In base 8, what is -1606 - -37?
-1547
In base 16, what is -290c - -c6?
-2846
In base 3, what is 11000 - 11212?
-212
In base 10, what is -8 + 5688?
5680
In base 8, what is -5 - 3174?
-3201
In base 7, what is -2 + 103063?
103061
In base 12, what is 5 + 46815?
4681a
In base 8, what is 3415215 + 2?
3415217
In base 2, what is 10111100100 + -10110110111?
101101
In base 10, what is -1 + 954018?
954017
In base 7, what is -204066 + 1?
-204065
In base 4, what is 21 + -1102113?
-1102032
In base 15, what is 257 - 3b9?
-162
In base 15, what is 43 - 1459?
-1416
In base 12, what is -b + -9a7b8?
-9a807
In base 11, what is -188 - -86?
-102
In base 2, what is -1001111101 + 100011?
-1001011010
In base 4, what is -202122202 - -10?
-202122132
In base 12, what is 32 + 242?
274
In base 9, what is -5 - 37785?
-37801
In base 5, what is -1230211 - -11?
-1230200
In base 9, what is -2850 + 5?
-2844
In base 10, what is -48987 - 1?
-48988
In base 11, what is 1180a - -26?
11835
In base 9, what is -36 + 0?
-36
In base 11, what is 38 + -5452a?
-544a2
In base 4, what is -210333 + -3311?
-220310
In base 10, what is 1 - 8935?
-8934
In base 15, what is -5 + 8961?
895b
In base 5, what is -2 + -21140222?
-21140224
In base 14, what is c - 33d4?
-33c6
In base 11, what is -2 + 81218?
81216
In base 9, what is 5707 + 487?
6305
In base 14, what is -91 + -2a0?
-351
In base 6, what is -1004553 + 10?
-1004543
In base 15, what is -26c + -4b?
-2b8
In base 9, what is -37717 + 106?
-37611
In base 11, what is -129 - -6574?
6446
In base 10, what is 4 - 388167?
-388163
In base 6, what is 34553 + -10?
34543
In base 10, what is -10206 - -42?
-10164
In base 11, what is -3 - 1a8a4?
-1a8a7
In base 7, what is -16032 - -16?
-16013
In base 13, what is -11b9b + 4?
-11b97
In base 7, what is -21 - 311242?
-311263
In base 6, what is 114223 - 30?
114153
In base 3, what is -10 + 2022110202?
2022110122
In base 9, what is 247435 + 1?
247436
In base 11, what is 69a62 + -2?
69a60
In base 11, what is -34 + 8714?
8690
In base 11, what is -4a7397 + -4?
-4a73a0
In base 5, what is -2 + -20431132?
-20431134
In base 13, what is 5 + 5ca9?
5cb1
In base 8, what is -22651 + -645?
-23516
In base 10, what is -1273 + 1949?
676
In base 7, what is 44352414 + 3?
44352420
In base 4, what is -3003132 - -113?
-3003013
In base 10, what is 265647 - 4?
265643
In base 7, what is 20314221 - 0?
20314221
In base 7, what is -121 - -3065?
2644
In base 12, what is 23 - -194b?
1972
In base 6, what is 1154 + 14?
1212
In base 4, what is 10 - 113020013?
-113020003
In base 10, what is -134 - 1004?
-1138
In base 5, what is -10 - -1002004?
1001444
In base 5, what is -3000402 + -32?
-3000434
In base 6, what is -3340450 + 11?
-3340435
In base 10, what is -23 - 22770?
-22793
In base 15, what is 5 + -ac2e?
-ac29
In base 11, what is -2 + 594a?
5948
In base 7, what is -11 + 325015?
325004
In base 6, what is -1332151 - 0?
-1332151
In base 7, what is 62525 - -41?
62566
In base 7, what is 4 - 4166113?
-4166106
In base 4, what is 10 - -113012?
113022
In base 16, what is 18eb - -8?
18f3
In base 2, what is 100001111001011001000 + 100?
100001111001011001100
In base 3, what is -22 + -21010020?
-21010112
In base 14, what is -2dc - 158?
-456
In base 4, what is -3 - 20202301?
-20202310
In base 8, what is 5 - 2237451?
-2237444
In base 2, what is -10 + 1010010100110?
1010010100100
In base 15, what is -3db8 + 28?
-3d90
In base 4, what is 10 + -3303002302?
-3303002232
In base 5, what is 1 + -2220440?
-2220434
In base 5, what is -4144 - -13202?
4003
In base 13, what is -1 - 4686?
-4687
In base 9, what is 0 - -66853?
66853
In base 9, what is 1424 - -1023?
2447
In base 5, what is 12 + 101211?
101223
In base 11, what is 10aa - -15a?
1259
In base 2, what is -1010111111000 + -11010?
-1011000010010
In base 9, what is -17250 + -30?
-17280
In base 9, what is 63 + -347?
-274
In base 12, what is -73322 - 0?
-73322
In base 10, what is 983 - 845?
138
In base 3, what is 100120020100 + -2?
100120020021
In base 9, what is -4470 + 48?
-4421
In base 16, what is -a71 + 2?
-a6f
In base 12, what is 1a + 10416?
10434
In base 3, what is -2111111 - 2111?
-2120222
In base 6, what is -1 - -422?
421
In base 6, what is -14142 - -4?
-14134
In base 2, what is 11 + 10100100010011?
10100100010110
In base 12, what is -10136 - 10?
-10146
In base 4, what is -1233 + 2113?
220
In base 5, what is 433132 + 41?
433223
In base 10, what is 4 + -48244?
-48240
In base 16, what is -1a195 + -5?
-1a19a
In base 4, what is -30 - -220201?
220111
In base 7, what is 35 - 12323?
-12255
In base 16, what is -f + 647?
638
In base 12, what is 3a44316 - 4?
3a44312
In base 4, what is 1100 - 12030101?
-12023001
In base 11, what is -4 + 4383?
437a
In base 9, what is 0 + -202353?
-202353
In base 13, what is -4 + 98cc?
98c8
In base 10, what is 27687 + -1?
27686
In base 14, what is -3 + -b9c9?
-b9cc
In base 7, what is 1 - -6612032?
6612033
In base 13, what is 2 + -155313?
-155311
In base 12, what is 450078 - 6?
450072
In base 10, what is -2597 + 88?
-2509
In base 2, what is -111111000000000 - -11?
-111110111111101
In base 3, what is -20 - 1021121?
-1021211
In base 7, what is -2 + 106454?
106452
In base 9, what is 21 - -27085?
27116
In base 3, what is -1202 + -1002012001?
-1002020210
In base 14, what is 3c692 + 2?
3c694
In base 11, what is -8583 + 7?
-8577
In base 6, what is -22444 - -4?
-22440
In base 5, what is -3 - 333204?
-333212
In base 7, what is -1 + -45023?
-45024
In base 7, what is 3 - 41300?
-41264
In base 2, what is -101101011000101101 + 11?
-101101011000101010
In base 6, what is 3114 - -1025?
4143
In base 14, what is dd + -3a?
a3
In base 7, what is 14424 + -4?
14420
In base 7, what is -1 + -1060223?
-1060224
In base 8, what is 3 + 460256?
460261
In base 15, what is dad - -2a?
dd8
In base 9, what is 3575863 + 2?
3575865
In base 15, what is 1c + 21e?
23b
In base 11, what is 1 + 147674?
147675
In base 5, what is -432011 + -10?
-432021
In base 15, what is 18 - -5828?
5841
In base 9, what is -3 + -32362?
-32365
In base 4, what is -11131002 + 1332?
-11123010
In base 5, what is 43304142 - -21?
43304213
In base 12, what is -6 - 23b9?
-2403
In base 8, what is 11 - 7451?
-7440
In base 5, what is -10 - 20201141?
-20201201
In base 3, what is 2020 + 111011?
120101
In base 12, what is 6172 + -11?
6161
In base 6, what is 101 - 11230?
-11125
In base 2, what is -10 + 1000011000001011?
1000011000001001
In base 9, what is -47 + 2730?
2672
In base 7, what is 165011200 - -4?
165011204
In base 7, what is 545302 - -3?
545305
In base 2, what is -101 - 100